{"id":9646,"date":"2024-07-02T22:03:03","date_gmt":"2024-07-02T20:03:03","guid":{"rendered":"https:\/\/cecilediy.com\/?post_type=product&#038;p=9646"},"modified":"2025-12-12T17:06:09","modified_gmt":"2025-12-12T16:06:09","slug":"box-maillot-penelope","status":"publish","type":"product","link":"https:\/\/cecilediy.com\/index.php\/produit\/box-maillot-penelope\/","title":{"rendered":"Box maillot P\u00e9n\u00e9lope"},"content":{"rendered":"<p>Caract\u00e9ristiques du produit :<\/p>\n<ul>\n<li><strong>Nom<\/strong> : Box maillot P\u00e9n\u00e9lope<\/li>\n<li><strong>Coloris<\/strong> : Nude | Jaune | Rose cerise | Fuchsia | Rouge | Marron | Bleu ciel | Bleu Majorelle | Bleu nuit | Gris | Noir | Rosier | Kaki<\/li>\n<li><b>Contenu <\/b>:\n<ul>\n<li>Patron pochette : 1 planche comprenant le maillot P\u00e9n\u00e9lope classique ainsi que le maillot P\u00e9n\u00e9lope variante couvrante du 34 au 52<\/li>\n<li>Livret de montage C5<\/li>\n<li>Guide d&rsquo;adaptation du maillot pour les femmes enceintes<\/li>\n<li>Patron A4 pdf + livret de montage A4 pdf : \u00e0 retrouver dans Mon Compte &gt; T\u00e9l\u00e9chargements<\/li>\n<li>Lycra<\/li>\n<li>Doublure mousse<\/li>\n<li>Lichette<\/li>\n<li>Laminette<\/li>\n<li>Vid\u00e9o pas \u00e0 pas sp\u00e9ciale d\u00e9butants<\/li>\n<\/ul>\n<\/li>\n<li><strong>Vente<\/strong> : \u00e0 l\u2019unit\u00e9, mat\u00e9riel permettant de r\u00e9aliser un maillot P\u00e9n\u00e9lope rosier en version classique lac\u00e9e ou variante crois\u00e9e couvrante<\/li>\n<li><b>Mat\u00e9riel requis <\/b>: machine \u00e0 coudre, surjeteuse, fil, n\u00e9cessaire de couture<\/li>\n<li><strong>R\u00e9f\u00e9rence<\/strong> : BOXPENELO<\/li>\n<li><b>Le petit \u00ab\u00a0+\u00a0\u00bb<\/b>:\n<ul>\n<li>La vid\u00e9o gratuite pour monter votre maillot en toute simplicit\u00e9<\/li>\n<li>Pas besoin de r\u00e9aliser vos propres passants, une lichette est fournie dans la box. La pose est identique (point droit \u00e0 8 mm du bord pour la fixer, surjet pour la bloquer <span style=\"text-decoration: underline;\">sans recouper de mati\u00e8re<\/span> pour ne pas fragiliser les passants), un gain de temps \u00e9norme !<\/li>\n<\/ul>\n<\/li>\n<li><strong>Vid\u00e9o explicative<\/strong>\u00a0: <a href=\"https:\/\/www.youtube.com\/watch?v=iRepsdQj07Y\" target=\"_blank\" rel=\"noopener\">Coudre un maillot P\u00e9n\u00e9lope<\/a><\/li>\n<\/ul>\n","protected":false},"excerpt":{"rendered":"<p>D\u00e9couvrez notre \u00e9dition limit\u00e9e de la box maillot de bain P\u00e9n\u00e9lope et choisissez votre coloris.<\/p>\n<p>Que vous soyez d\u00e9butant ou confirm\u00e9, que vous souhaitiez l&rsquo;offrir ou vous l&rsquo;offrir, cette box couture sp\u00e9ciale maillot de bain accompagn\u00e9e de son guide vid\u00e9o gratuit vous est destin\u00e9e !<\/p>\n<p>Dans la box, vous trouverez le n\u00e9cessaire pour r\u00e9aliser un maillot de bain P\u00e9n\u00e9lope avec la\u00e7age ou un maillot de bain P\u00e9n\u00e9lope plus couvrant avec son d\u00e9collet\u00e9 crois\u00e9.<\/p>\n<p><strong>Attention : une surjeteuse est requise<\/strong> pour monter le maillot de bain P\u00e9n\u00e9lope.<\/p>\n","protected":false},"featured_media":10138,"comment_status":"open","ping_status":"closed","template":"","meta":[],"product_brand":[],"product_cat":[997,1104],"product_tag":[],"class_list":{"0":"post-9646","1":"product","2":"type-product","3":"status-publish","4":"has-post-thumbnail","6":"product_cat-box-couture-cecile-diy","7":"product_cat-maillot-de-bain-box-couture-cecile-diy","8":"product_shipping_class-box","10":"first","11":"instock","12":"shipping-taxable","13":"purchasable","14":"product-type-variable"},"yoast_head":"<!-- This site is optimized with the Yoast SEO plugin v26.4 - https:\/\/yoast.com\/wordpress\/plugins\/seo\/ -->\n<title>Box couture maillot de bain P\u00e9n\u00e9lope du 34 au 52<\/title>\n<meta name=\"description\" content=\"Box couture maillot de bain P\u00e9n\u00e9lope du 34 au 52. Laissez-vous guider par notre pas \u00e0 pas vid\u00e9o pour confectionner votre maillot de A \u00e0 Z.\" \/>\n<meta name=\"robots\" content=\"index, follow, max-snippet:-1, max-image-preview:large, max-video-preview:-1\" \/>\n<link rel=\"canonical\" href=\"https:\/\/cecilediy.com\/index.php\/produit\/box-maillot-penelope\/\" \/>\n<meta property=\"og:locale\" content=\"fr_FR\" \/>\n<meta property=\"og:type\" content=\"article\" \/>\n<meta property=\"og:title\" content=\"Box couture maillot de bain P\u00e9n\u00e9lope du 34 au 52\" \/>\n<meta property=\"og:description\" content=\"Box couture maillot de bain P\u00e9n\u00e9lope du 34 au 52. Laissez-vous guider par notre pas \u00e0 pas vid\u00e9o pour confectionner votre maillot de A \u00e0 Z.\" \/>\n<meta property=\"og:url\" content=\"https:\/\/cecilediy.com\/index.php\/produit\/box-maillot-penelope\/\" \/>\n<meta property=\"og:site_name\" content=\"Cecile DIY\" \/>\n<meta property=\"article:publisher\" content=\"https:\/\/www.facebook.com\/cecileoff\/\" \/>\n<meta property=\"article:modified_time\" content=\"2025-12-12T16:06:09+00:00\" \/>\n<meta property=\"og:image\" content=\"https:\/\/cecilediy.com\/wp-content\/uploads\/2024\/07\/Box-Penelope.webp\" \/>\n\t<meta property=\"og:image:width\" content=\"1485\" \/>\n\t<meta property=\"og:image:height\" content=\"1485\" \/>\n\t<meta property=\"og:image:type\" content=\"image\/webp\" \/>\n<meta name=\"twitter:card\" content=\"summary_large_image\" \/>\n<meta name=\"twitter:label1\" content=\"Dur\u00e9e de lecture estim\u00e9e\" \/>\n\t<meta name=\"twitter:data1\" content=\"2 minutes\" \/>\n<script type=\"application\/ld+json\" class=\"yoast-schema-graph\">{\"@context\":\"https:\/\/schema.org\",\"@graph\":[{\"@type\":\"WebPage\",\"@id\":\"https:\/\/cecilediy.com\/index.php\/produit\/box-maillot-penelope\/\",\"url\":\"https:\/\/cecilediy.com\/index.php\/produit\/box-maillot-penelope\/\",\"name\":\"Box couture maillot de bain P\u00e9n\u00e9lope du 34 au 52\",\"isPartOf\":{\"@id\":\"https:\/\/cecilediy.com\/#website\"},\"primaryImageOfPage\":{\"@id\":\"https:\/\/cecilediy.com\/index.php\/produit\/box-maillot-penelope\/#primaryimage\"},\"image\":{\"@id\":\"https:\/\/cecilediy.com\/index.php\/produit\/box-maillot-penelope\/#primaryimage\"},\"thumbnailUrl\":\"https:\/\/cecilediy.com\/wp-content\/uploads\/2024\/07\/Box-Penelope.webp\",\"datePublished\":\"2024-07-02T20:03:03+00:00\",\"dateModified\":\"2025-12-12T16:06:09+00:00\",\"description\":\"Box couture maillot de bain P\u00e9n\u00e9lope du 34 au 52. Laissez-vous guider par notre pas \u00e0 pas vid\u00e9o pour confectionner votre maillot de A \u00e0 Z.\",\"breadcrumb\":{\"@id\":\"https:\/\/cecilediy.com\/index.php\/produit\/box-maillot-penelope\/#breadcrumb\"},\"inLanguage\":\"fr-FR\",\"potentialAction\":[{\"@type\":\"ReadAction\",\"target\":[\"https:\/\/cecilediy.com\/index.php\/produit\/box-maillot-penelope\/\"]}]},{\"@type\":\"ImageObject\",\"inLanguage\":\"fr-FR\",\"@id\":\"https:\/\/cecilediy.com\/index.php\/produit\/box-maillot-penelope\/#primaryimage\",\"url\":\"https:\/\/cecilediy.com\/wp-content\/uploads\/2024\/07\/Box-Penelope.webp\",\"contentUrl\":\"https:\/\/cecilediy.com\/wp-content\/uploads\/2024\/07\/Box-Penelope.webp\",\"width\":1485,\"height\":1485},{\"@type\":\"BreadcrumbList\",\"@id\":\"https:\/\/cecilediy.com\/index.php\/produit\/box-maillot-penelope\/#breadcrumb\",\"itemListElement\":[{\"@type\":\"ListItem\",\"position\":1,\"name\":\"Accueil\",\"item\":\"https:\/\/cecilediy.com\/\"},{\"@type\":\"ListItem\",\"position\":2,\"name\":\"Boutique\",\"item\":\"https:\/\/cecilediy.com\/index.php\/boutique-cecile-diy\/\"},{\"@type\":\"ListItem\",\"position\":3,\"name\":\"Box maillot P\u00e9n\u00e9lope\"}]},{\"@type\":\"WebSite\",\"@id\":\"https:\/\/cecilediy.com\/#website\",\"url\":\"https:\/\/cecilediy.com\/\",\"name\":\"C\u00e9cile DIY\",\"description\":\"DO IT YOURSELF\",\"publisher\":{\"@id\":\"https:\/\/cecilediy.com\/#\/schema\/person\/1e9bf1431e848e6f3f72380013e1d9db\"},\"potentialAction\":[{\"@type\":\"SearchAction\",\"target\":{\"@type\":\"EntryPoint\",\"urlTemplate\":\"https:\/\/cecilediy.com\/?s={search_term_string}\"},\"query-input\":{\"@type\":\"PropertyValueSpecification\",\"valueRequired\":true,\"valueName\":\"search_term_string\"}}],\"inLanguage\":\"fr-FR\"},{\"@type\":[\"Person\",\"Organization\"],\"@id\":\"https:\/\/cecilediy.com\/#\/schema\/person\/1e9bf1431e848e6f3f72380013e1d9db\",\"name\":\"C\u00e9cile\",\"image\":{\"@type\":\"ImageObject\",\"inLanguage\":\"fr-FR\",\"@id\":\"https:\/\/cecilediy.com\/#\/schema\/person\/image\/\",\"url\":\"https:\/\/cecilediy.com\/wp-content\/uploads\/2022\/12\/Robe-Cassiopee-scaled.jpg\",\"contentUrl\":\"https:\/\/cecilediy.com\/wp-content\/uploads\/2022\/12\/Robe-Cassiopee-scaled.jpg\",\"width\":1920,\"height\":2560,\"caption\":\"C\u00e9cile\"},\"logo\":{\"@id\":\"https:\/\/cecilediy.com\/#\/schema\/person\/image\/\"},\"description\":\"Mod\u00e9liste, Content &amp; social media, Photographe\",\"sameAs\":[\"https:\/\/cecilediy.com\",\"https:\/\/www.facebook.com\/cecileoff\/\",\"https:\/\/www.instagram.com\/cecilediy\/\",\"https:\/\/www.pinterest.fr\/ccilediy\",\"https:\/\/www.youtube.com\/c\/cecilediy\"]}]}<\/script>\n<!-- \/ Yoast SEO plugin. -->","yoast_head_json":{"title":"Box couture maillot de bain P\u00e9n\u00e9lope du 34 au 52","description":"Box couture maillot de bain P\u00e9n\u00e9lope du 34 au 52. Laissez-vous guider par notre pas \u00e0 pas vid\u00e9o pour confectionner votre maillot de A \u00e0 Z.","robots":{"index":"index","follow":"follow","max-snippet":"max-snippet:-1","max-image-preview":"max-image-preview:large","max-video-preview":"max-video-preview:-1"},"canonical":"https:\/\/cecilediy.com\/index.php\/produit\/box-maillot-penelope\/","og_locale":"fr_FR","og_type":"article","og_title":"Box couture maillot de bain P\u00e9n\u00e9lope du 34 au 52","og_description":"Box couture maillot de bain P\u00e9n\u00e9lope du 34 au 52. Laissez-vous guider par notre pas \u00e0 pas vid\u00e9o pour confectionner votre maillot de A \u00e0 Z.","og_url":"https:\/\/cecilediy.com\/index.php\/produit\/box-maillot-penelope\/","og_site_name":"Cecile DIY","article_publisher":"https:\/\/www.facebook.com\/cecileoff\/","article_modified_time":"2025-12-12T16:06:09+00:00","og_image":[{"width":1485,"height":1485,"url":"https:\/\/cecilediy.com\/wp-content\/uploads\/2024\/07\/Box-Penelope.webp","type":"image\/webp"}],"twitter_card":"summary_large_image","twitter_misc":{"Dur\u00e9e de lecture estim\u00e9e":"2 minutes"},"schema":{"@context":"https:\/\/schema.org","@graph":[{"@type":"WebPage","@id":"https:\/\/cecilediy.com\/index.php\/produit\/box-maillot-penelope\/","url":"https:\/\/cecilediy.com\/index.php\/produit\/box-maillot-penelope\/","name":"Box couture maillot de bain P\u00e9n\u00e9lope du 34 au 52","isPartOf":{"@id":"https:\/\/cecilediy.com\/#website"},"primaryImageOfPage":{"@id":"https:\/\/cecilediy.com\/index.php\/produit\/box-maillot-penelope\/#primaryimage"},"image":{"@id":"https:\/\/cecilediy.com\/index.php\/produit\/box-maillot-penelope\/#primaryimage"},"thumbnailUrl":"https:\/\/cecilediy.com\/wp-content\/uploads\/2024\/07\/Box-Penelope.webp","datePublished":"2024-07-02T20:03:03+00:00","dateModified":"2025-12-12T16:06:09+00:00","description":"Box couture maillot de bain P\u00e9n\u00e9lope du 34 au 52. Laissez-vous guider par notre pas \u00e0 pas vid\u00e9o pour confectionner votre maillot de A \u00e0 Z.","breadcrumb":{"@id":"https:\/\/cecilediy.com\/index.php\/produit\/box-maillot-penelope\/#breadcrumb"},"inLanguage":"fr-FR","potentialAction":[{"@type":"ReadAction","target":["https:\/\/cecilediy.com\/index.php\/produit\/box-maillot-penelope\/"]}]},{"@type":"ImageObject","inLanguage":"fr-FR","@id":"https:\/\/cecilediy.com\/index.php\/produit\/box-maillot-penelope\/#primaryimage","url":"https:\/\/cecilediy.com\/wp-content\/uploads\/2024\/07\/Box-Penelope.webp","contentUrl":"https:\/\/cecilediy.com\/wp-content\/uploads\/2024\/07\/Box-Penelope.webp","width":1485,"height":1485},{"@type":"BreadcrumbList","@id":"https:\/\/cecilediy.com\/index.php\/produit\/box-maillot-penelope\/#breadcrumb","itemListElement":[{"@type":"ListItem","position":1,"name":"Accueil","item":"https:\/\/cecilediy.com\/"},{"@type":"ListItem","position":2,"name":"Boutique","item":"https:\/\/cecilediy.com\/index.php\/boutique-cecile-diy\/"},{"@type":"ListItem","position":3,"name":"Box maillot P\u00e9n\u00e9lope"}]},{"@type":"WebSite","@id":"https:\/\/cecilediy.com\/#website","url":"https:\/\/cecilediy.com\/","name":"C\u00e9cile DIY","description":"DO IT YOURSELF","publisher":{"@id":"https:\/\/cecilediy.com\/#\/schema\/person\/1e9bf1431e848e6f3f72380013e1d9db"},"potentialAction":[{"@type":"SearchAction","target":{"@type":"EntryPoint","urlTemplate":"https:\/\/cecilediy.com\/?s={search_term_string}"},"query-input":{"@type":"PropertyValueSpecification","valueRequired":true,"valueName":"search_term_string"}}],"inLanguage":"fr-FR"},{"@type":["Person","Organization"],"@id":"https:\/\/cecilediy.com\/#\/schema\/person\/1e9bf1431e848e6f3f72380013e1d9db","name":"C\u00e9cile","image":{"@type":"ImageObject","inLanguage":"fr-FR","@id":"https:\/\/cecilediy.com\/#\/schema\/person\/image\/","url":"https:\/\/cecilediy.com\/wp-content\/uploads\/2022\/12\/Robe-Cassiopee-scaled.jpg","contentUrl":"https:\/\/cecilediy.com\/wp-content\/uploads\/2022\/12\/Robe-Cassiopee-scaled.jpg","width":1920,"height":2560,"caption":"C\u00e9cile"},"logo":{"@id":"https:\/\/cecilediy.com\/#\/schema\/person\/image\/"},"description":"Mod\u00e9liste, Content &amp; social media, Photographe","sameAs":["https:\/\/cecilediy.com","https:\/\/www.facebook.com\/cecileoff\/","https:\/\/www.instagram.com\/cecilediy\/","https:\/\/www.pinterest.fr\/ccilediy","https:\/\/www.youtube.com\/c\/cecilediy"]}]}},"_links":{"self":[{"href":"https:\/\/cecilediy.com\/index.php\/wp-json\/wp\/v2\/product\/9646","targetHints":{"allow":["GET"]}}],"collection":[{"href":"https:\/\/cecilediy.com\/index.php\/wp-json\/wp\/v2\/product"}],"about":[{"href":"https:\/\/cecilediy.com\/index.php\/wp-json\/wp\/v2\/types\/product"}],"replies":[{"embeddable":true,"href":"https:\/\/cecilediy.com\/index.php\/wp-json\/wp\/v2\/comments?post=9646"}],"wp:featuredmedia":[{"embeddable":true,"href":"https:\/\/cecilediy.com\/index.php\/wp-json\/wp\/v2\/media\/10138"}],"wp:attachment":[{"href":"https:\/\/cecilediy.com\/index.php\/wp-json\/wp\/v2\/media?parent=9646"}],"wp:term":[{"taxonomy":"product_brand","embeddable":true,"href":"https:\/\/cecilediy.com\/index.php\/wp-json\/wp\/v2\/product_brand?post=9646"},{"taxonomy":"product_cat","embeddable":true,"href":"https:\/\/cecilediy.com\/index.php\/wp-json\/wp\/v2\/product_cat?post=9646"},{"taxonomy":"product_tag","embeddable":true,"href":"https:\/\/cecilediy.com\/index.php\/wp-json\/wp\/v2\/product_tag?post=9646"}],"curies":[{"name":"wp","href":"https:\/\/api.w.org\/{rel}","templated":true}]}}