{"id":8085,"date":"2022-04-18T19:10:27","date_gmt":"2022-04-18T17:10:27","guid":{"rendered":"https:\/\/cecilediy.com\/?post_type=product&#038;p=8085"},"modified":"2023-10-17T19:46:29","modified_gmt":"2023-10-17T17:46:29","slug":"patron-jupe-chloe-version-classique-34-52","status":"publish","type":"product","link":"https:\/\/cecilediy.com\/index.php\/produit\/patron-jupe-chloe-version-classique-34-52\/","title":{"rendered":"Patron jupe Chlo\u00e9 version classique (34-52)"},"content":{"rendered":"<ul>\n<li><b>Tissus <\/b>: <a href=\"https:\/\/www.labobiniere.com\/index.php\/boutique\/\" target=\"_blank\" rel=\"noopener noreferrer\">Viscose<\/a>, thermocollant<\/li>\n<li><strong>Mercerie :<\/strong> Boutons x8, diam\u00e8tre 15 mm<\/li>\n<li><strong>Tailles<\/strong> : du 34 au 52<\/li>\n<li><strong>Pdf<\/strong> : Patron A4 filtrable, livret de montage<\/li>\n<li><strong>Difficult\u00e9<\/strong> : \u2605\u2605\u2606\u2606\u2606<\/li>\n<li><b>A noter <\/b>: Imprimer en taille r\u00e9elle ou \u00e9chelle 100%<\/li>\n<li><strong>Pr\u00e9-requis<\/strong> : <a href=\"https:\/\/www.youtube.com\/watch?v=OG7spIDo134&amp;t=6s\" target=\"_blank\" rel=\"noopener noreferrer\">Enfiler sa machine \u00e0 coudre<\/a>, <a href=\"https:\/\/www.youtube.com\/watch?v=4Kc4ao_MQPk\" target=\"_blank\" rel=\"noopener noreferrer\">coudre un bouton<\/a>, coudre une patte de boutonnage<\/li>\n<li><strong>Le petit \u00ab\u00a0+\u00a0\u00bb<\/strong> : Facile, rapide, \u00e9l\u00e9gante, l&rsquo;incontournable de la garde-robe totalement accessible aux d\u00e9butants en couture et d\u00e9clinable \u00e0 l&rsquo;infini ! Le patron est filtrable par taille, ce qui permet de n&rsquo;imprimer que la taille n\u00e9cessaire.<\/li>\n<li><strong>Instructions vid\u00e9o<\/strong> : <a href=\"https:\/\/www.youtube.com\/watch?v=qypZw9-CWik\" target=\"_blank\" rel=\"noopener noreferrer\">Coudre une jupe Chlo\u00e9<\/a><\/li>\n<\/ul>\n","protected":false},"excerpt":{"rendered":"<p>Le patron de couture de la jupe Chlo\u00e9 est un incontournable de la garde-robe f\u00e9minine. D\u00e9velopp\u00e9e en collaboration avec la bobiniere, marque de viscoses design\u00e9s et imprim\u00e9s en France, la jupe Chlo\u00e9 se veut intemporelle, \u00e9l\u00e9gante, facile et rapide \u00e0 coudre.<\/p>\n<p>La jupe Chlo\u00e9 s&rsquo;adresse aux d\u00e9butants comme aux confirm\u00e9s en couture. Elle peut tout \u00e0 fait \u00eatre cousue comme premier v\u00eatement gr\u00e2ce \u00e0 l&rsquo;accompagnement <a href=\"https:\/\/www.youtube.com\/watch?v=qypZw9-CWik\" target=\"_blank\" rel=\"noopener noreferrer\">vid\u00e9o<\/a> que vous recevrez avec le livret de montage.<\/p>\n<p>Le patron est disponible de la taille 34 \u00e0 la taille 52. Une fois la commande valid\u00e9e, retrouvez le patron dans Mon Compte &gt; T\u00e9l\u00e9chargements.<\/p>\n","protected":false},"featured_media":8090,"comment_status":"open","ping_status":"closed","template":"","meta":[],"product_brand":[],"product_cat":[1048,951,993,1051],"product_tag":[],"class_list":{"0":"post-8085","1":"product","2":"type-product","3":"status-publish","4":"has-post-thumbnail","6":"product_cat-femme","7":"product_cat-patron-couture-lingerie","8":"product_cat-patrons-pdf","9":"product_cat-vetement","11":"first","12":"instock","13":"downloadable","14":"virtual","15":"purchasable","16":"product-type-simple"},"yoast_head":"<!-- This site is optimized with the Yoast SEO plugin v26.4 - https:\/\/yoast.com\/wordpress\/plugins\/seo\/ -->\n<title>Patron couture jupe Chlo\u00e9 version classique du 34 au 52 | C\u00e9cile DIY<\/title>\n<meta name=\"description\" content=\"Patron couture de la jupe Chlo\u00e9 version classique du 34 au 52, un incontournable de la garde-robe f\u00e9minine ! Patron, livret et vid\u00e9o inclus\" \/>\n<meta name=\"robots\" content=\"index, follow, max-snippet:-1, max-image-preview:large, max-video-preview:-1\" \/>\n<link rel=\"canonical\" href=\"https:\/\/cecilediy.com\/index.php\/produit\/patron-jupe-chloe-version-classique-34-52\/\" \/>\n<meta property=\"og:locale\" content=\"fr_FR\" \/>\n<meta property=\"og:type\" content=\"article\" \/>\n<meta property=\"og:title\" content=\"Patron couture jupe Chlo\u00e9 version classique du 34 au 52 | C\u00e9cile DIY\" \/>\n<meta property=\"og:description\" content=\"Patron couture de la jupe Chlo\u00e9 version classique du 34 au 52, un incontournable de la garde-robe f\u00e9minine ! Patron, livret et vid\u00e9o inclus\" \/>\n<meta property=\"og:url\" content=\"https:\/\/cecilediy.com\/index.php\/produit\/patron-jupe-chloe-version-classique-34-52\/\" \/>\n<meta property=\"og:site_name\" content=\"Cecile DIY\" \/>\n<meta property=\"article:publisher\" content=\"https:\/\/www.facebook.com\/cecileoff\/\" \/>\n<meta property=\"article:modified_time\" content=\"2023-10-17T17:46:29+00:00\" \/>\n<meta property=\"og:image\" content=\"https:\/\/cecilediy.com\/wp-content\/uploads\/2022\/04\/Photo-02-04-2022-14-53-51-scaled-e1650393220326.jpg\" \/>\n\t<meta property=\"og:image:width\" content=\"1920\" \/>\n\t<meta property=\"og:image:height\" content=\"1920\" \/>\n\t<meta property=\"og:image:type\" content=\"image\/jpeg\" \/>\n<meta name=\"twitter:card\" content=\"summary_large_image\" \/>\n<meta name=\"twitter:label1\" content=\"Dur\u00e9e de lecture estim\u00e9e\" \/>\n\t<meta name=\"twitter:data1\" content=\"1 minute\" \/>\n<script type=\"application\/ld+json\" class=\"yoast-schema-graph\">{\"@context\":\"https:\/\/schema.org\",\"@graph\":[{\"@type\":\"WebPage\",\"@id\":\"https:\/\/cecilediy.com\/index.php\/produit\/patron-jupe-chloe-version-classique-34-52\/\",\"url\":\"https:\/\/cecilediy.com\/index.php\/produit\/patron-jupe-chloe-version-classique-34-52\/\",\"name\":\"Patron couture jupe Chlo\u00e9 version classique du 34 au 52 | C\u00e9cile DIY\",\"isPartOf\":{\"@id\":\"https:\/\/cecilediy.com\/#website\"},\"primaryImageOfPage\":{\"@id\":\"https:\/\/cecilediy.com\/index.php\/produit\/patron-jupe-chloe-version-classique-34-52\/#primaryimage\"},\"image\":{\"@id\":\"https:\/\/cecilediy.com\/index.php\/produit\/patron-jupe-chloe-version-classique-34-52\/#primaryimage\"},\"thumbnailUrl\":\"https:\/\/cecilediy.com\/wp-content\/uploads\/2022\/04\/Photo-02-04-2022-14-53-51-scaled-e1650393220326.jpg\",\"datePublished\":\"2022-04-18T17:10:27+00:00\",\"dateModified\":\"2023-10-17T17:46:29+00:00\",\"description\":\"Patron couture de la jupe Chlo\u00e9 version classique du 34 au 52, un incontournable de la garde-robe f\u00e9minine ! Patron, livret et vid\u00e9o inclus\",\"breadcrumb\":{\"@id\":\"https:\/\/cecilediy.com\/index.php\/produit\/patron-jupe-chloe-version-classique-34-52\/#breadcrumb\"},\"inLanguage\":\"fr-FR\",\"potentialAction\":[{\"@type\":\"ReadAction\",\"target\":[\"https:\/\/cecilediy.com\/index.php\/produit\/patron-jupe-chloe-version-classique-34-52\/\"]}]},{\"@type\":\"ImageObject\",\"inLanguage\":\"fr-FR\",\"@id\":\"https:\/\/cecilediy.com\/index.php\/produit\/patron-jupe-chloe-version-classique-34-52\/#primaryimage\",\"url\":\"https:\/\/cecilediy.com\/wp-content\/uploads\/2022\/04\/Photo-02-04-2022-14-53-51-scaled-e1650393220326.jpg\",\"contentUrl\":\"https:\/\/cecilediy.com\/wp-content\/uploads\/2022\/04\/Photo-02-04-2022-14-53-51-scaled-e1650393220326.jpg\",\"width\":1920,\"height\":1920},{\"@type\":\"BreadcrumbList\",\"@id\":\"https:\/\/cecilediy.com\/index.php\/produit\/patron-jupe-chloe-version-classique-34-52\/#breadcrumb\",\"itemListElement\":[{\"@type\":\"ListItem\",\"position\":1,\"name\":\"Accueil\",\"item\":\"https:\/\/cecilediy.com\/\"},{\"@type\":\"ListItem\",\"position\":2,\"name\":\"Boutique\",\"item\":\"https:\/\/cecilediy.com\/index.php\/boutique-cecile-diy\/\"},{\"@type\":\"ListItem\",\"position\":3,\"name\":\"Patron jupe Chlo\u00e9 version classique (34-52)\"}]},{\"@type\":\"WebSite\",\"@id\":\"https:\/\/cecilediy.com\/#website\",\"url\":\"https:\/\/cecilediy.com\/\",\"name\":\"C\u00e9cile DIY\",\"description\":\"DO IT YOURSELF\",\"publisher\":{\"@id\":\"https:\/\/cecilediy.com\/#\/schema\/person\/1e9bf1431e848e6f3f72380013e1d9db\"},\"potentialAction\":[{\"@type\":\"SearchAction\",\"target\":{\"@type\":\"EntryPoint\",\"urlTemplate\":\"https:\/\/cecilediy.com\/?s={search_term_string}\"},\"query-input\":{\"@type\":\"PropertyValueSpecification\",\"valueRequired\":true,\"valueName\":\"search_term_string\"}}],\"inLanguage\":\"fr-FR\"},{\"@type\":[\"Person\",\"Organization\"],\"@id\":\"https:\/\/cecilediy.com\/#\/schema\/person\/1e9bf1431e848e6f3f72380013e1d9db\",\"name\":\"C\u00e9cile\",\"image\":{\"@type\":\"ImageObject\",\"inLanguage\":\"fr-FR\",\"@id\":\"https:\/\/cecilediy.com\/#\/schema\/person\/image\/\",\"url\":\"https:\/\/cecilediy.com\/wp-content\/uploads\/2022\/12\/Robe-Cassiopee-scaled.jpg\",\"contentUrl\":\"https:\/\/cecilediy.com\/wp-content\/uploads\/2022\/12\/Robe-Cassiopee-scaled.jpg\",\"width\":1920,\"height\":2560,\"caption\":\"C\u00e9cile\"},\"logo\":{\"@id\":\"https:\/\/cecilediy.com\/#\/schema\/person\/image\/\"},\"description\":\"Mod\u00e9liste, Content &amp; social media, Photographe\",\"sameAs\":[\"https:\/\/cecilediy.com\",\"https:\/\/www.facebook.com\/cecileoff\/\",\"https:\/\/www.instagram.com\/cecilediy\/\",\"https:\/\/www.pinterest.fr\/ccilediy\",\"https:\/\/www.youtube.com\/c\/cecilediy\"]}]}<\/script>\n<!-- \/ Yoast SEO plugin. -->","yoast_head_json":{"title":"Patron couture jupe Chlo\u00e9 version classique du 34 au 52 | C\u00e9cile DIY","description":"Patron couture de la jupe Chlo\u00e9 version classique du 34 au 52, un incontournable de la garde-robe f\u00e9minine ! Patron, livret et vid\u00e9o inclus","robots":{"index":"index","follow":"follow","max-snippet":"max-snippet:-1","max-image-preview":"max-image-preview:large","max-video-preview":"max-video-preview:-1"},"canonical":"https:\/\/cecilediy.com\/index.php\/produit\/patron-jupe-chloe-version-classique-34-52\/","og_locale":"fr_FR","og_type":"article","og_title":"Patron couture jupe Chlo\u00e9 version classique du 34 au 52 | C\u00e9cile DIY","og_description":"Patron couture de la jupe Chlo\u00e9 version classique du 34 au 52, un incontournable de la garde-robe f\u00e9minine ! Patron, livret et vid\u00e9o inclus","og_url":"https:\/\/cecilediy.com\/index.php\/produit\/patron-jupe-chloe-version-classique-34-52\/","og_site_name":"Cecile DIY","article_publisher":"https:\/\/www.facebook.com\/cecileoff\/","article_modified_time":"2023-10-17T17:46:29+00:00","og_image":[{"width":1920,"height":1920,"url":"https:\/\/cecilediy.com\/wp-content\/uploads\/2022\/04\/Photo-02-04-2022-14-53-51-scaled-e1650393220326.jpg","type":"image\/jpeg"}],"twitter_card":"summary_large_image","twitter_misc":{"Dur\u00e9e de lecture estim\u00e9e":"1 minute"},"schema":{"@context":"https:\/\/schema.org","@graph":[{"@type":"WebPage","@id":"https:\/\/cecilediy.com\/index.php\/produit\/patron-jupe-chloe-version-classique-34-52\/","url":"https:\/\/cecilediy.com\/index.php\/produit\/patron-jupe-chloe-version-classique-34-52\/","name":"Patron couture jupe Chlo\u00e9 version classique du 34 au 52 | C\u00e9cile DIY","isPartOf":{"@id":"https:\/\/cecilediy.com\/#website"},"primaryImageOfPage":{"@id":"https:\/\/cecilediy.com\/index.php\/produit\/patron-jupe-chloe-version-classique-34-52\/#primaryimage"},"image":{"@id":"https:\/\/cecilediy.com\/index.php\/produit\/patron-jupe-chloe-version-classique-34-52\/#primaryimage"},"thumbnailUrl":"https:\/\/cecilediy.com\/wp-content\/uploads\/2022\/04\/Photo-02-04-2022-14-53-51-scaled-e1650393220326.jpg","datePublished":"2022-04-18T17:10:27+00:00","dateModified":"2023-10-17T17:46:29+00:00","description":"Patron couture de la jupe Chlo\u00e9 version classique du 34 au 52, un incontournable de la garde-robe f\u00e9minine ! Patron, livret et vid\u00e9o inclus","breadcrumb":{"@id":"https:\/\/cecilediy.com\/index.php\/produit\/patron-jupe-chloe-version-classique-34-52\/#breadcrumb"},"inLanguage":"fr-FR","potentialAction":[{"@type":"ReadAction","target":["https:\/\/cecilediy.com\/index.php\/produit\/patron-jupe-chloe-version-classique-34-52\/"]}]},{"@type":"ImageObject","inLanguage":"fr-FR","@id":"https:\/\/cecilediy.com\/index.php\/produit\/patron-jupe-chloe-version-classique-34-52\/#primaryimage","url":"https:\/\/cecilediy.com\/wp-content\/uploads\/2022\/04\/Photo-02-04-2022-14-53-51-scaled-e1650393220326.jpg","contentUrl":"https:\/\/cecilediy.com\/wp-content\/uploads\/2022\/04\/Photo-02-04-2022-14-53-51-scaled-e1650393220326.jpg","width":1920,"height":1920},{"@type":"BreadcrumbList","@id":"https:\/\/cecilediy.com\/index.php\/produit\/patron-jupe-chloe-version-classique-34-52\/#breadcrumb","itemListElement":[{"@type":"ListItem","position":1,"name":"Accueil","item":"https:\/\/cecilediy.com\/"},{"@type":"ListItem","position":2,"name":"Boutique","item":"https:\/\/cecilediy.com\/index.php\/boutique-cecile-diy\/"},{"@type":"ListItem","position":3,"name":"Patron jupe Chlo\u00e9 version classique (34-52)"}]},{"@type":"WebSite","@id":"https:\/\/cecilediy.com\/#website","url":"https:\/\/cecilediy.com\/","name":"C\u00e9cile DIY","description":"DO IT YOURSELF","publisher":{"@id":"https:\/\/cecilediy.com\/#\/schema\/person\/1e9bf1431e848e6f3f72380013e1d9db"},"potentialAction":[{"@type":"SearchAction","target":{"@type":"EntryPoint","urlTemplate":"https:\/\/cecilediy.com\/?s={search_term_string}"},"query-input":{"@type":"PropertyValueSpecification","valueRequired":true,"valueName":"search_term_string"}}],"inLanguage":"fr-FR"},{"@type":["Person","Organization"],"@id":"https:\/\/cecilediy.com\/#\/schema\/person\/1e9bf1431e848e6f3f72380013e1d9db","name":"C\u00e9cile","image":{"@type":"ImageObject","inLanguage":"fr-FR","@id":"https:\/\/cecilediy.com\/#\/schema\/person\/image\/","url":"https:\/\/cecilediy.com\/wp-content\/uploads\/2022\/12\/Robe-Cassiopee-scaled.jpg","contentUrl":"https:\/\/cecilediy.com\/wp-content\/uploads\/2022\/12\/Robe-Cassiopee-scaled.jpg","width":1920,"height":2560,"caption":"C\u00e9cile"},"logo":{"@id":"https:\/\/cecilediy.com\/#\/schema\/person\/image\/"},"description":"Mod\u00e9liste, Content &amp; social media, Photographe","sameAs":["https:\/\/cecilediy.com","https:\/\/www.facebook.com\/cecileoff\/","https:\/\/www.instagram.com\/cecilediy\/","https:\/\/www.pinterest.fr\/ccilediy","https:\/\/www.youtube.com\/c\/cecilediy"]}]}},"_links":{"self":[{"href":"https:\/\/cecilediy.com\/index.php\/wp-json\/wp\/v2\/product\/8085","targetHints":{"allow":["GET"]}}],"collection":[{"href":"https:\/\/cecilediy.com\/index.php\/wp-json\/wp\/v2\/product"}],"about":[{"href":"https:\/\/cecilediy.com\/index.php\/wp-json\/wp\/v2\/types\/product"}],"replies":[{"embeddable":true,"href":"https:\/\/cecilediy.com\/index.php\/wp-json\/wp\/v2\/comments?post=8085"}],"wp:featuredmedia":[{"embeddable":true,"href":"https:\/\/cecilediy.com\/index.php\/wp-json\/wp\/v2\/media\/8090"}],"wp:attachment":[{"href":"https:\/\/cecilediy.com\/index.php\/wp-json\/wp\/v2\/media?parent=8085"}],"wp:term":[{"taxonomy":"product_brand","embeddable":true,"href":"https:\/\/cecilediy.com\/index.php\/wp-json\/wp\/v2\/product_brand?post=8085"},{"taxonomy":"product_cat","embeddable":true,"href":"https:\/\/cecilediy.com\/index.php\/wp-json\/wp\/v2\/product_cat?post=8085"},{"taxonomy":"product_tag","embeddable":true,"href":"https:\/\/cecilediy.com\/index.php\/wp-json\/wp\/v2\/product_tag?post=8085"}],"curies":[{"name":"wp","href":"https:\/\/api.w.org\/{rel}","templated":true}]}}