{"id":16,"date":"2017-09-07T14:42:06","date_gmt":"2017-09-07T12:42:06","guid":{"rendered":"http:\/\/cecilediy.com\/?page_id=16"},"modified":"2024-12-16T15:12:22","modified_gmt":"2024-12-16T14:12:22","slug":"ateliers-couture-lingerie","status":"publish","type":"page","link":"https:\/\/cecilediy.com\/index.php\/ateliers-couture-lingerie\/","title":{"rendered":"Ateliers de couture"},"content":{"rendered":"\n<h4 id=\"vous-souhaitez-etre-guide-pas-a-pas-dans-la-confection-de-lingerie-recevoir-des-conseils-personnalises-depuis-2021-je-prends-plaisir-a-animer-des-ateliers-de-couture-dans-le-11e-arrondissement-de\" class=\"wp-block-heading\">Vous souhaitez \u00eatre guid\u00e9 pas \u00e0 pas dans la confection de lingerie ? Recevoir des conseils personnalis\u00e9s ? Depuis 2021, je prends plaisir \u00e0 animer des ateliers de couture dans le 11e arrondissement de Paris aux <a rel=\"noreferrer noopener\" href=\"https:\/\/ateliersbytheway.fr\/\" target=\"_blank\">Ateliers By The Way<\/a>.<\/h4>\n\n\n\n<p>J&rsquo;anime ponctuellement les cours suivants : <\/p>\n\n\n\n<ul class=\"wp-block-list\">\n<li>La culotte Appoline (3h30)<\/li>\n\n\n\n<li>Le boxer Thibaud (3h30)<\/li>\n\n\n\n<li>La culotte menstruelle (4h)<\/li>\n\n\n\n<li>Le maillot de bain Sol\u00e8ne (5h)<\/li>\n\n\n\n<li>Le soutien-gorge Ysance (4h30)<\/li>\n\n\n\n<li>Stage intensif couture 4 jours (2h30 x4)<\/li>\n\n\n\n<li>Projet libre  (3h)<\/li>\n<\/ul>\n\n\n\n<div class=\"wp-block-buttons is-content-justification-center is-layout-flex wp-container-core-buttons-is-layout-16018d1d wp-block-buttons-is-layout-flex\">\n<div class=\"wp-block-button is-style-fill\"><a class=\"wp-block-button__link wp-element-button\" href=\"https:\/\/ateliersbytheway.fr\/ateliers\/\" style=\"border-radius:26px\" target=\"_blank\" rel=\"noreferrer noopener\">Voir le calendrier des cours<\/a><\/div>\n<\/div>\n","protected":false},"excerpt":{"rendered":"<p>Vous souhaitez \u00eatre guid\u00e9 pas \u00e0 pas dans la confection de lingerie ? Recevoir des conseils personnalis\u00e9s ? Depuis 2021, je prends plaisir \u00e0 animer des ateliers de couture dans&hellip;<\/p>\n","protected":false},"author":5000,"featured_media":4738,"parent":0,"menu_order":0,"comment_status":"closed","ping_status":"closed","template":"","meta":{"footnotes":""},"class_list":["post-16","page","type-page","status-publish","has-post-thumbnail"],"yoast_head":"<!-- This site is optimized with the Yoast SEO plugin v26.4 - https:\/\/yoast.com\/wordpress\/plugins\/seo\/ -->\n<title>Ateliers de couture sur Paris - D\u00e9butant, interm\u00e9diaire, avanc\u00e9 | C\u00e9cile DIY<\/title>\n<meta name=\"description\" content=\"Ateliers et stages de couture lingerie \u00e0 Paris pour niveaux interm\u00e9diaire et avanc\u00e9s et ateliers d\u00e9butants pour d\u00e9couvrir la couture.\" \/>\n<meta name=\"robots\" content=\"index, follow, max-snippet:-1, max-image-preview:large, max-video-preview:-1\" \/>\n<link rel=\"canonical\" href=\"https:\/\/cecilediy.com\/index.php\/ateliers-couture-lingerie\/\" \/>\n<meta property=\"og:locale\" content=\"fr_FR\" \/>\n<meta property=\"og:type\" content=\"article\" \/>\n<meta property=\"og:title\" content=\"Ateliers de couture sur Paris - D\u00e9butant, interm\u00e9diaire, avanc\u00e9 | C\u00e9cile DIY\" \/>\n<meta property=\"og:description\" content=\"Ateliers et stages de couture lingerie \u00e0 Paris pour niveaux interm\u00e9diaire et avanc\u00e9s et ateliers d\u00e9butants pour d\u00e9couvrir la couture.\" \/>\n<meta property=\"og:url\" content=\"https:\/\/cecilediy.com\/index.php\/ateliers-couture-lingerie\/\" \/>\n<meta property=\"og:site_name\" content=\"Cecile DIY\" \/>\n<meta property=\"article:publisher\" content=\"https:\/\/www.facebook.com\/cecileoff\/\" \/>\n<meta property=\"article:modified_time\" content=\"2024-12-16T14:12:22+00:00\" \/>\n<meta property=\"og:image\" content=\"https:\/\/cecilediy.com\/wp-content\/uploads\/2020\/12\/hands-sewing-fabric-scaled.jpg\" \/>\n\t<meta property=\"og:image:width\" content=\"2560\" \/>\n\t<meta property=\"og:image:height\" content=\"1706\" \/>\n\t<meta property=\"og:image:type\" content=\"image\/jpeg\" \/>\n<meta name=\"twitter:card\" content=\"summary_large_image\" \/>\n<meta name=\"twitter:label1\" content=\"Dur\u00e9e de lecture estim\u00e9e\" \/>\n\t<meta name=\"twitter:data1\" content=\"1 minute\" \/>\n<script type=\"application\/ld+json\" class=\"yoast-schema-graph\">{\"@context\":\"https:\/\/schema.org\",\"@graph\":[{\"@type\":\"WebPage\",\"@id\":\"https:\/\/cecilediy.com\/index.php\/ateliers-couture-lingerie\/\",\"url\":\"https:\/\/cecilediy.com\/index.php\/ateliers-couture-lingerie\/\",\"name\":\"Ateliers de couture sur Paris - D\u00e9butant, interm\u00e9diaire, avanc\u00e9 | C\u00e9cile DIY\",\"isPartOf\":{\"@id\":\"https:\/\/cecilediy.com\/#website\"},\"primaryImageOfPage\":{\"@id\":\"https:\/\/cecilediy.com\/index.php\/ateliers-couture-lingerie\/#primaryimage\"},\"image\":{\"@id\":\"https:\/\/cecilediy.com\/index.php\/ateliers-couture-lingerie\/#primaryimage\"},\"thumbnailUrl\":\"https:\/\/cecilediy.com\/wp-content\/uploads\/2020\/12\/hands-sewing-fabric-scaled.jpg\",\"datePublished\":\"2017-09-07T12:42:06+00:00\",\"dateModified\":\"2024-12-16T14:12:22+00:00\",\"description\":\"Ateliers et stages de couture lingerie \u00e0 Paris pour niveaux interm\u00e9diaire et avanc\u00e9s et ateliers d\u00e9butants pour d\u00e9couvrir la couture.\",\"breadcrumb\":{\"@id\":\"https:\/\/cecilediy.com\/index.php\/ateliers-couture-lingerie\/#breadcrumb\"},\"inLanguage\":\"fr-FR\",\"potentialAction\":[{\"@type\":\"ReadAction\",\"target\":[\"https:\/\/cecilediy.com\/index.php\/ateliers-couture-lingerie\/\"]}]},{\"@type\":\"ImageObject\",\"inLanguage\":\"fr-FR\",\"@id\":\"https:\/\/cecilediy.com\/index.php\/ateliers-couture-lingerie\/#primaryimage\",\"url\":\"https:\/\/cecilediy.com\/wp-content\/uploads\/2020\/12\/hands-sewing-fabric-scaled.jpg\",\"contentUrl\":\"https:\/\/cecilediy.com\/wp-content\/uploads\/2020\/12\/hands-sewing-fabric-scaled.jpg\",\"width\":2560,\"height\":1706},{\"@type\":\"BreadcrumbList\",\"@id\":\"https:\/\/cecilediy.com\/index.php\/ateliers-couture-lingerie\/#breadcrumb\",\"itemListElement\":[{\"@type\":\"ListItem\",\"position\":1,\"name\":\"Accueil\",\"item\":\"https:\/\/cecilediy.com\/\"},{\"@type\":\"ListItem\",\"position\":2,\"name\":\"Ateliers de couture\"}]},{\"@type\":\"WebSite\",\"@id\":\"https:\/\/cecilediy.com\/#website\",\"url\":\"https:\/\/cecilediy.com\/\",\"name\":\"C\u00e9cile DIY\",\"description\":\"DO IT YOURSELF\",\"publisher\":{\"@id\":\"https:\/\/cecilediy.com\/#\/schema\/person\/1e9bf1431e848e6f3f72380013e1d9db\"},\"potentialAction\":[{\"@type\":\"SearchAction\",\"target\":{\"@type\":\"EntryPoint\",\"urlTemplate\":\"https:\/\/cecilediy.com\/?s={search_term_string}\"},\"query-input\":{\"@type\":\"PropertyValueSpecification\",\"valueRequired\":true,\"valueName\":\"search_term_string\"}}],\"inLanguage\":\"fr-FR\"},{\"@type\":[\"Person\",\"Organization\"],\"@id\":\"https:\/\/cecilediy.com\/#\/schema\/person\/1e9bf1431e848e6f3f72380013e1d9db\",\"name\":\"C\u00e9cile\",\"image\":{\"@type\":\"ImageObject\",\"inLanguage\":\"fr-FR\",\"@id\":\"https:\/\/cecilediy.com\/#\/schema\/person\/image\/\",\"url\":\"https:\/\/cecilediy.com\/wp-content\/uploads\/2022\/12\/Robe-Cassiopee-scaled.jpg\",\"contentUrl\":\"https:\/\/cecilediy.com\/wp-content\/uploads\/2022\/12\/Robe-Cassiopee-scaled.jpg\",\"width\":1920,\"height\":2560,\"caption\":\"C\u00e9cile\"},\"logo\":{\"@id\":\"https:\/\/cecilediy.com\/#\/schema\/person\/image\/\"},\"description\":\"Mod\u00e9liste, Content &amp; social media, Photographe\",\"sameAs\":[\"https:\/\/cecilediy.com\",\"https:\/\/www.facebook.com\/cecileoff\/\",\"https:\/\/www.instagram.com\/cecilediy\/\",\"https:\/\/www.pinterest.fr\/ccilediy\",\"https:\/\/www.youtube.com\/c\/cecilediy\"]}]}<\/script>\n<!-- \/ Yoast SEO plugin. -->","yoast_head_json":{"title":"Ateliers de couture sur Paris - D\u00e9butant, interm\u00e9diaire, avanc\u00e9 | C\u00e9cile DIY","description":"Ateliers et stages de couture lingerie \u00e0 Paris pour niveaux interm\u00e9diaire et avanc\u00e9s et ateliers d\u00e9butants pour d\u00e9couvrir la couture.","robots":{"index":"index","follow":"follow","max-snippet":"max-snippet:-1","max-image-preview":"max-image-preview:large","max-video-preview":"max-video-preview:-1"},"canonical":"https:\/\/cecilediy.com\/index.php\/ateliers-couture-lingerie\/","og_locale":"fr_FR","og_type":"article","og_title":"Ateliers de couture sur Paris - D\u00e9butant, interm\u00e9diaire, avanc\u00e9 | C\u00e9cile DIY","og_description":"Ateliers et stages de couture lingerie \u00e0 Paris pour niveaux interm\u00e9diaire et avanc\u00e9s et ateliers d\u00e9butants pour d\u00e9couvrir la couture.","og_url":"https:\/\/cecilediy.com\/index.php\/ateliers-couture-lingerie\/","og_site_name":"Cecile DIY","article_publisher":"https:\/\/www.facebook.com\/cecileoff\/","article_modified_time":"2024-12-16T14:12:22+00:00","og_image":[{"width":2560,"height":1706,"url":"https:\/\/cecilediy.com\/wp-content\/uploads\/2020\/12\/hands-sewing-fabric-scaled.jpg","type":"image\/jpeg"}],"twitter_card":"summary_large_image","twitter_misc":{"Dur\u00e9e de lecture estim\u00e9e":"1 minute"},"schema":{"@context":"https:\/\/schema.org","@graph":[{"@type":"WebPage","@id":"https:\/\/cecilediy.com\/index.php\/ateliers-couture-lingerie\/","url":"https:\/\/cecilediy.com\/index.php\/ateliers-couture-lingerie\/","name":"Ateliers de couture sur Paris - D\u00e9butant, interm\u00e9diaire, avanc\u00e9 | C\u00e9cile DIY","isPartOf":{"@id":"https:\/\/cecilediy.com\/#website"},"primaryImageOfPage":{"@id":"https:\/\/cecilediy.com\/index.php\/ateliers-couture-lingerie\/#primaryimage"},"image":{"@id":"https:\/\/cecilediy.com\/index.php\/ateliers-couture-lingerie\/#primaryimage"},"thumbnailUrl":"https:\/\/cecilediy.com\/wp-content\/uploads\/2020\/12\/hands-sewing-fabric-scaled.jpg","datePublished":"2017-09-07T12:42:06+00:00","dateModified":"2024-12-16T14:12:22+00:00","description":"Ateliers et stages de couture lingerie \u00e0 Paris pour niveaux interm\u00e9diaire et avanc\u00e9s et ateliers d\u00e9butants pour d\u00e9couvrir la couture.","breadcrumb":{"@id":"https:\/\/cecilediy.com\/index.php\/ateliers-couture-lingerie\/#breadcrumb"},"inLanguage":"fr-FR","potentialAction":[{"@type":"ReadAction","target":["https:\/\/cecilediy.com\/index.php\/ateliers-couture-lingerie\/"]}]},{"@type":"ImageObject","inLanguage":"fr-FR","@id":"https:\/\/cecilediy.com\/index.php\/ateliers-couture-lingerie\/#primaryimage","url":"https:\/\/cecilediy.com\/wp-content\/uploads\/2020\/12\/hands-sewing-fabric-scaled.jpg","contentUrl":"https:\/\/cecilediy.com\/wp-content\/uploads\/2020\/12\/hands-sewing-fabric-scaled.jpg","width":2560,"height":1706},{"@type":"BreadcrumbList","@id":"https:\/\/cecilediy.com\/index.php\/ateliers-couture-lingerie\/#breadcrumb","itemListElement":[{"@type":"ListItem","position":1,"name":"Accueil","item":"https:\/\/cecilediy.com\/"},{"@type":"ListItem","position":2,"name":"Ateliers de couture"}]},{"@type":"WebSite","@id":"https:\/\/cecilediy.com\/#website","url":"https:\/\/cecilediy.com\/","name":"C\u00e9cile DIY","description":"DO IT YOURSELF","publisher":{"@id":"https:\/\/cecilediy.com\/#\/schema\/person\/1e9bf1431e848e6f3f72380013e1d9db"},"potentialAction":[{"@type":"SearchAction","target":{"@type":"EntryPoint","urlTemplate":"https:\/\/cecilediy.com\/?s={search_term_string}"},"query-input":{"@type":"PropertyValueSpecification","valueRequired":true,"valueName":"search_term_string"}}],"inLanguage":"fr-FR"},{"@type":["Person","Organization"],"@id":"https:\/\/cecilediy.com\/#\/schema\/person\/1e9bf1431e848e6f3f72380013e1d9db","name":"C\u00e9cile","image":{"@type":"ImageObject","inLanguage":"fr-FR","@id":"https:\/\/cecilediy.com\/#\/schema\/person\/image\/","url":"https:\/\/cecilediy.com\/wp-content\/uploads\/2022\/12\/Robe-Cassiopee-scaled.jpg","contentUrl":"https:\/\/cecilediy.com\/wp-content\/uploads\/2022\/12\/Robe-Cassiopee-scaled.jpg","width":1920,"height":2560,"caption":"C\u00e9cile"},"logo":{"@id":"https:\/\/cecilediy.com\/#\/schema\/person\/image\/"},"description":"Mod\u00e9liste, Content &amp; social media, Photographe","sameAs":["https:\/\/cecilediy.com","https:\/\/www.facebook.com\/cecileoff\/","https:\/\/www.instagram.com\/cecilediy\/","https:\/\/www.pinterest.fr\/ccilediy","https:\/\/www.youtube.com\/c\/cecilediy"]}]}},"_links":{"self":[{"href":"https:\/\/cecilediy.com\/index.php\/wp-json\/wp\/v2\/pages\/16","targetHints":{"allow":["GET"]}}],"collection":[{"href":"https:\/\/cecilediy.com\/index.php\/wp-json\/wp\/v2\/pages"}],"about":[{"href":"https:\/\/cecilediy.com\/index.php\/wp-json\/wp\/v2\/types\/page"}],"author":[{"embeddable":true,"href":"https:\/\/cecilediy.com\/index.php\/wp-json\/wp\/v2\/users\/5000"}],"replies":[{"embeddable":true,"href":"https:\/\/cecilediy.com\/index.php\/wp-json\/wp\/v2\/comments?post=16"}],"version-history":[{"count":16,"href":"https:\/\/cecilediy.com\/index.php\/wp-json\/wp\/v2\/pages\/16\/revisions"}],"predecessor-version":[{"id":9951,"href":"https:\/\/cecilediy.com\/index.php\/wp-json\/wp\/v2\/pages\/16\/revisions\/9951"}],"wp:featuredmedia":[{"embeddable":true,"href":"https:\/\/cecilediy.com\/index.php\/wp-json\/wp\/v2\/media\/4738"}],"wp:attachment":[{"href":"https:\/\/cecilediy.com\/index.php\/wp-json\/wp\/v2\/media?parent=16"}],"curies":[{"name":"wp","href":"https:\/\/api.w.org\/{rel}","templated":true}]}}